{"id":3663,"date":"2022-03-02T23:01:12","date_gmt":"2022-03-02T22:01:12","guid":{"rendered":"https:\/\/www.balzatex.com\/produit\/almohadas-de-microfibra\/"},"modified":"2022-03-02T23:01:12","modified_gmt":"2022-03-02T22:01:12","slug":"almohadas-de-microfibra","status":"publish","type":"product","link":"https:\/\/www.balzatex.com\/es\/produit\/almohadas-de-microfibra\/","title":{"rendered":"almohadas de microfibra"},"content":{"rendered":"","protected":false},"excerpt":{"rendered":"<p>Esta almohada est\u00e1 fabricada en microfibras tratadas contra los \u00e1caros del polvo, y su funda en percal 100% algod\u00f3n anti plum\u00f3n, limitando as\u00ed la p\u00e9rdida de fibras.<\/p>\n<p>Esta almohada, cuyo peso total es de 1200 gramos, est\u00e1 bien llena para quienes gustan de las almohadas que se mantienen flexibles sin hundirse.<\/p>\n","protected":false},"featured_media":2901,"comment_status":"open","ping_status":"closed","template":"","meta":{"_joinchat":[]},"product_brand":[],"product_cat":[430,426],"product_tag":[],"class_list":{"0":"post-3663","1":"product","2":"type-product","3":"status-publish","4":"has-post-thumbnail","6":"product_cat-almohadas","7":"product_cat-lecho","9":"first","10":"instock","11":"shipping-taxable","12":"purchasable","13":"product-type-variable"},"supplier_id":null,"supplier_sku":"","barcode":null,"atum_controlled":true,"out_stock_date":null,"out_stock_threshold":null,"inheritable":true,"inbound_stock":0,"stock_on_hold":18,"sold_today":12,"sales_last_days":14,"reserved_stock":0,"customer_returns":0,"warehouse_damage":0,"lost_in_post":0,"other_logs":0,"out_stock_days":0,"lost_sales":0,"has_location":false,"update_date":"2025-11-15T18:52:45","atum_locations":[],"atum_stock_status":"instock","restock_status":true,"low_stock_amount":"","sales_update_date":"2023-09-11T09:20:11","calc_backorders":null,"yoast_head":"<!-- This site is optimized with the Yoast SEO plugin v27.5 - https:\/\/yoast.com\/product\/yoast-seo-wordpress\/ -->\n<title>almohadas de microfibra - Balzatex<\/title>\n<meta name=\"robots\" content=\"index, follow, max-snippet:-1, max-image-preview:large, max-video-preview:-1\" \/>\n<link rel=\"canonical\" href=\"https:\/\/www.balzatex.com\/es\/produit\/almohadas-de-microfibra\/\" \/>\n<meta property=\"og:locale\" content=\"es_ES\" \/>\n<meta property=\"og:type\" content=\"article\" \/>\n<meta property=\"og:title\" content=\"almohadas de microfibra - Balzatex\" \/>\n<meta property=\"og:description\" content=\"Esta almohada est\u00e1 fabricada en microfibras tratadas contra los \u00e1caros del polvo, y su funda en percal 100% algod\u00f3n anti plum\u00f3n, limitando as\u00ed la p\u00e9rdida de fibras. Esta almohada, cuyo peso total es de 1200 gramos, est\u00e1 bien llena para quienes gustan de las almohadas que se mantienen flexibles sin hundirse.\" \/>\n<meta property=\"og:url\" content=\"https:\/\/www.balzatex.com\/es\/produit\/almohadas-de-microfibra\/\" \/>\n<meta property=\"og:site_name\" content=\"Balzatex\" \/>\n<meta property=\"og:image\" content=\"https:\/\/www.balzatex.com\/wp-content\/uploads\/2022\/03\/Oreiller-MF-2.jpg\" \/>\n\t<meta property=\"og:image:width\" content=\"600\" \/>\n\t<meta property=\"og:image:height\" content=\"600\" \/>\n\t<meta property=\"og:image:type\" content=\"image\/jpeg\" \/>\n<meta name=\"twitter:card\" content=\"summary_large_image\" \/>\n<script type=\"application\/ld+json\" class=\"yoast-schema-graph\">{\"@context\":\"https:\\\/\\\/schema.org\",\"@graph\":[{\"@type\":\"WebPage\",\"@id\":\"https:\\\/\\\/www.balzatex.com\\\/es\\\/produit\\\/almohadas-de-microfibra\\\/\",\"url\":\"https:\\\/\\\/www.balzatex.com\\\/es\\\/produit\\\/almohadas-de-microfibra\\\/\",\"name\":\"almohadas de microfibra - Balzatex\",\"isPartOf\":{\"@id\":\"https:\\\/\\\/www.balzatex.com\\\/es\\\/#website\"},\"primaryImageOfPage\":{\"@id\":\"https:\\\/\\\/www.balzatex.com\\\/es\\\/produit\\\/almohadas-de-microfibra\\\/#primaryimage\"},\"image\":{\"@id\":\"https:\\\/\\\/www.balzatex.com\\\/es\\\/produit\\\/almohadas-de-microfibra\\\/#primaryimage\"},\"thumbnailUrl\":\"https:\\\/\\\/www.balzatex.com\\\/wp-content\\\/uploads\\\/2022\\\/03\\\/Oreiller-MF-2.jpg\",\"datePublished\":\"2022-03-02T22:01:12+00:00\",\"breadcrumb\":{\"@id\":\"https:\\\/\\\/www.balzatex.com\\\/es\\\/produit\\\/almohadas-de-microfibra\\\/#breadcrumb\"},\"inLanguage\":\"es\",\"potentialAction\":[{\"@type\":\"ReadAction\",\"target\":[\"https:\\\/\\\/www.balzatex.com\\\/es\\\/produit\\\/almohadas-de-microfibra\\\/\"]}]},{\"@type\":\"ImageObject\",\"inLanguage\":\"es\",\"@id\":\"https:\\\/\\\/www.balzatex.com\\\/es\\\/produit\\\/almohadas-de-microfibra\\\/#primaryimage\",\"url\":\"https:\\\/\\\/www.balzatex.com\\\/wp-content\\\/uploads\\\/2022\\\/03\\\/Oreiller-MF-2.jpg\",\"contentUrl\":\"https:\\\/\\\/www.balzatex.com\\\/wp-content\\\/uploads\\\/2022\\\/03\\\/Oreiller-MF-2.jpg\",\"width\":600,\"height\":600},{\"@type\":\"BreadcrumbList\",\"@id\":\"https:\\\/\\\/www.balzatex.com\\\/es\\\/produit\\\/almohadas-de-microfibra\\\/#breadcrumb\",\"itemListElement\":[{\"@type\":\"ListItem\",\"position\":1,\"name\":\"Accueil\",\"item\":\"https:\\\/\\\/www.balzatex.com\\\/es\\\/\"},{\"@type\":\"ListItem\",\"position\":2,\"name\":\"Tienda\",\"item\":\"https:\\\/\\\/www.balzatex.com\\\/es\\\/tienda\\\/\"},{\"@type\":\"ListItem\",\"position\":3,\"name\":\"almohadas de microfibra\"}]},{\"@type\":\"WebSite\",\"@id\":\"https:\\\/\\\/www.balzatex.com\\\/es\\\/#website\",\"url\":\"https:\\\/\\\/www.balzatex.com\\\/es\\\/\",\"name\":\"Balzatex\",\"description\":\"Linge maison\",\"potentialAction\":[{\"@type\":\"SearchAction\",\"target\":{\"@type\":\"EntryPoint\",\"urlTemplate\":\"https:\\\/\\\/www.balzatex.com\\\/es\\\/?s={search_term_string}\"},\"query-input\":{\"@type\":\"PropertyValueSpecification\",\"valueRequired\":true,\"valueName\":\"search_term_string\"}}],\"inLanguage\":\"es\"}]}<\/script>\n<!-- \/ Yoast SEO plugin. -->","yoast_head_json":{"title":"almohadas de microfibra - Balzatex","robots":{"index":"index","follow":"follow","max-snippet":"max-snippet:-1","max-image-preview":"max-image-preview:large","max-video-preview":"max-video-preview:-1"},"canonical":"https:\/\/www.balzatex.com\/es\/produit\/almohadas-de-microfibra\/","og_locale":"es_ES","og_type":"article","og_title":"almohadas de microfibra - Balzatex","og_description":"Esta almohada est\u00e1 fabricada en microfibras tratadas contra los \u00e1caros del polvo, y su funda en percal 100% algod\u00f3n anti plum\u00f3n, limitando as\u00ed la p\u00e9rdida de fibras. Esta almohada, cuyo peso total es de 1200 gramos, est\u00e1 bien llena para quienes gustan de las almohadas que se mantienen flexibles sin hundirse.","og_url":"https:\/\/www.balzatex.com\/es\/produit\/almohadas-de-microfibra\/","og_site_name":"Balzatex","og_image":[{"width":600,"height":600,"url":"https:\/\/www.balzatex.com\/wp-content\/uploads\/2022\/03\/Oreiller-MF-2.jpg","type":"image\/jpeg"}],"twitter_card":"summary_large_image","schema":{"@context":"https:\/\/schema.org","@graph":[{"@type":"WebPage","@id":"https:\/\/www.balzatex.com\/es\/produit\/almohadas-de-microfibra\/","url":"https:\/\/www.balzatex.com\/es\/produit\/almohadas-de-microfibra\/","name":"almohadas de microfibra - Balzatex","isPartOf":{"@id":"https:\/\/www.balzatex.com\/es\/#website"},"primaryImageOfPage":{"@id":"https:\/\/www.balzatex.com\/es\/produit\/almohadas-de-microfibra\/#primaryimage"},"image":{"@id":"https:\/\/www.balzatex.com\/es\/produit\/almohadas-de-microfibra\/#primaryimage"},"thumbnailUrl":"https:\/\/www.balzatex.com\/wp-content\/uploads\/2022\/03\/Oreiller-MF-2.jpg","datePublished":"2022-03-02T22:01:12+00:00","breadcrumb":{"@id":"https:\/\/www.balzatex.com\/es\/produit\/almohadas-de-microfibra\/#breadcrumb"},"inLanguage":"es","potentialAction":[{"@type":"ReadAction","target":["https:\/\/www.balzatex.com\/es\/produit\/almohadas-de-microfibra\/"]}]},{"@type":"ImageObject","inLanguage":"es","@id":"https:\/\/www.balzatex.com\/es\/produit\/almohadas-de-microfibra\/#primaryimage","url":"https:\/\/www.balzatex.com\/wp-content\/uploads\/2022\/03\/Oreiller-MF-2.jpg","contentUrl":"https:\/\/www.balzatex.com\/wp-content\/uploads\/2022\/03\/Oreiller-MF-2.jpg","width":600,"height":600},{"@type":"BreadcrumbList","@id":"https:\/\/www.balzatex.com\/es\/produit\/almohadas-de-microfibra\/#breadcrumb","itemListElement":[{"@type":"ListItem","position":1,"name":"Accueil","item":"https:\/\/www.balzatex.com\/es\/"},{"@type":"ListItem","position":2,"name":"Tienda","item":"https:\/\/www.balzatex.com\/es\/tienda\/"},{"@type":"ListItem","position":3,"name":"almohadas de microfibra"}]},{"@type":"WebSite","@id":"https:\/\/www.balzatex.com\/es\/#website","url":"https:\/\/www.balzatex.com\/es\/","name":"Balzatex","description":"Linge maison","potentialAction":[{"@type":"SearchAction","target":{"@type":"EntryPoint","urlTemplate":"https:\/\/www.balzatex.com\/es\/?s={search_term_string}"},"query-input":{"@type":"PropertyValueSpecification","valueRequired":true,"valueName":"search_term_string"}}],"inLanguage":"es"}]}},"_links":{"self":[{"href":"https:\/\/www.balzatex.com\/es\/wp-json\/wp\/v2\/product\/3663","targetHints":{"allow":["GET"]}}],"collection":[{"href":"https:\/\/www.balzatex.com\/es\/wp-json\/wp\/v2\/product"}],"about":[{"href":"https:\/\/www.balzatex.com\/es\/wp-json\/wp\/v2\/types\/product"}],"replies":[{"embeddable":true,"href":"https:\/\/www.balzatex.com\/es\/wp-json\/wp\/v2\/comments?post=3663"}],"wp:featuredmedia":[{"embeddable":true,"href":"https:\/\/www.balzatex.com\/es\/wp-json\/wp\/v2\/media\/2901"}],"wp:attachment":[{"href":"https:\/\/www.balzatex.com\/es\/wp-json\/wp\/v2\/media?parent=3663"}],"wp:term":[{"taxonomy":"product_brand","embeddable":true,"href":"https:\/\/www.balzatex.com\/es\/wp-json\/wp\/v2\/product_brand?post=3663"},{"taxonomy":"product_cat","embeddable":true,"href":"https:\/\/www.balzatex.com\/es\/wp-json\/wp\/v2\/product_cat?post=3663"},{"taxonomy":"product_tag","embeddable":true,"href":"https:\/\/www.balzatex.com\/es\/wp-json\/wp\/v2\/product_tag?post=3663"}],"curies":[{"name":"wp","href":"https:\/\/api.w.org\/{rel}","templated":true}]}}

<p>Esta almohada está fabricada en microfibras tratadas contra los ácaros del polvo, y su funda en percal 100% algodón anti plumón, limitando así la pérdida de fibras.</p>
<p>Esta almohada, cuyo peso total es de 1200 gramos, está bien llena para quienes gustan de las almohadas que se mantienen flexibles sin hundirse.</p>

<!-- This site is optimized with the Yoast SEO plugin v27.5 - https://yoast.com/product/yoast-seo-wordpress/ -->
<title>almohadas de microfibra - Balzatex</title>
<meta name="robots" content="index, follow, max-snippet:-1, max-image-preview:large, max-video-preview:-1" />
<link rel="canonical" href="https://www.balzatex.com/es/produit/almohadas-de-microfibra/" />
<meta property="og:locale" content="es_ES" />
<meta property="og:type" content="article" />
<meta property="og:title" content="almohadas de microfibra - Balzatex" />
<meta property="og:description" content="Esta almohada está fabricada en microfibras tratadas contra los ácaros del polvo, y su funda en percal 100% algodón anti plumón, limitando así la pérdida de fibras. Esta almohada, cuyo peso total es de 1200 gramos, está bien llena para quienes gustan de las almohadas que se mantienen flexibles sin hundirse." />
<meta property="og:url" content="https://www.balzatex.com/es/produit/almohadas-de-microfibra/" />
<meta property="og:site_name" content="Balzatex" />
<meta property="og:image" content="https://www.balzatex.com/wp-content/uploads/2022/03/Oreiller-MF-2.jpg" />
	<meta property="og:image:width" content="600" />
	<meta property="og:image:height" content="600" />
	<meta property="og:image:type" content="image/jpeg" />
<meta name="twitter:card" content="summary_large_image" />
<script type="application/ld+json" class="yoast-schema-graph">{"@context":"https:\/\/schema.org","@graph":[{"@type":"WebPage","@id":"https:\/\/www.balzatex.com\/es\/produit\/almohadas-de-microfibra\/","url":"https:\/\/www.balzatex.com\/es\/produit\/almohadas-de-microfibra\/","name":"almohadas de microfibra - Balzatex","isPartOf":{"@id":"https:\/\/www.balzatex.com\/es\/#website"},"primaryImageOfPage":{"@id":"https:\/\/www.balzatex.com\/es\/produit\/almohadas-de-microfibra\/#primaryimage"},"image":{"@id":"https:\/\/www.balzatex.com\/es\/produit\/almohadas-de-microfibra\/#primaryimage"},"thumbnailUrl":"https:\/\/www.balzatex.com\/wp-content\/uploads\/2022\/03\/Oreiller-MF-2.jpg","datePublished":"2022-03-02T22:01:12+00:00","breadcrumb":{"@id":"https:\/\/www.balzatex.com\/es\/produit\/almohadas-de-microfibra\/#breadcrumb"},"inLanguage":"es","potentialAction":[{"@type":"ReadAction","target":["https:\/\/www.balzatex.com\/es\/produit\/almohadas-de-microfibra\/"]}]},{"@type":"ImageObject","inLanguage":"es","@id":"https:\/\/www.balzatex.com\/es\/produit\/almohadas-de-microfibra\/#primaryimage","url":"https:\/\/www.balzatex.com\/wp-content\/uploads\/2022\/03\/Oreiller-MF-2.jpg","contentUrl":"https:\/\/www.balzatex.com\/wp-content\/uploads\/2022\/03\/Oreiller-MF-2.jpg","width":600,"height":600},{"@type":"BreadcrumbList","@id":"https:\/\/www.balzatex.com\/es\/produit\/almohadas-de-microfibra\/#breadcrumb","itemListElement":[{"@type":"ListItem","position":1,"name":"Accueil","item":"https:\/\/www.balzatex.com\/es\/"},{"@type":"ListItem","position":2,"name":"Tienda","item":"https:\/\/www.balzatex.com\/es\/tienda\/"},{"@type":"ListItem","position":3,"name":"almohadas de microfibra"}]},{"@type":"WebSite","@id":"https:\/\/www.balzatex.com\/es\/#website","url":"https:\/\/www.balzatex.com\/es\/","name":"Balzatex","description":"Linge maison","potentialAction":[{"@type":"SearchAction","target":{"@type":"EntryPoint","urlTemplate":"https:\/\/www.balzatex.com\/es\/?s={search_term_string}"},"query-input":{"@type":"PropertyValueSpecification","valueRequired":true,"valueName":"search_term_string"}}],"inLanguage":"es"}]}</script>
<!-- / Yoast SEO plugin. -->

Esta almohada está fabricada en microfibras tratadas contra los ácaros del polvo, y su funda en percal 100% algodón anti plumón, limitando así la pérdida de fibras. Esta almohada, cuyo peso total es de 1200 gramos, está bien llena para quienes gustan de las almohadas que se mantienen flexibles sin hundirse.
